f 125955 and 675.
135
Calculate the greatest common factor of 141 and 12971107.
47
What is the highest common factor of 99275 and 3420?
95
What is the highest common factor of 42 and 930?
6
Calculate the greatest common divisor of 16 and 177328.
16
Calculate the highest common divisor of 29 and 1001747.
29
Calculate the greatest common factor of 2288796 and 348.
348
Calculate the highest common divisor of 2301 and 564453.
177
Calculate the greatest common factor of 307991 and 141.
47
Calculate the greatest common factor of 139 and 568927.
139
Calculate the greatest common divisor of 1293 and 37.
1
Calculate the highest common factor of 10671777 and 27.
27
Calculate the greatest common factor of 1469 and 45383.
13
What is the highest common divisor of 904 and 578?
2
What is the greatest common factor of 71199 and 4981?
293
Calculate the highest common factor of 5 and 27460.
5
What is the greatest common divisor of 360 and 6330?
30
What is the highest common factor of 41364 and 5292?
108
Calculate the greatest common factor of 2618 and 1408.
22
Calculate the greatest common factor of 1242 and 18738.
54
Calculate the highest common divisor of 328426 and 168.
14
What is the highest common divisor of 446 and 3847642?
446
Calculate the highest common divisor of 198 and 32814.
18
What is the greatest common divisor of 6289 and 437?
19
What is the greatest common factor of 312 and 306670?
26
What is the greatest common divisor of 258 and 5891?
43
Calculate the greatest common factor of 165 and 12617.
11
Calculate the highest common factor of 16113 and 5289.
123
What is the greatest common divisor of 1031791 and 87?
29
Calculate the highest common factor of 599 and 101.
1
Calculate the greatest common factor of 806 and 1299272.
806
Calculate the highest common factor of 35452 and 12.
4
What is the greatest common factor of 118 and 73750?
118
What is the highest common factor of 551 and 817?
19
Calculate the greatest common factor of 1275 and 495125.
425
Calculate the highest common factor of 192 and 19533.
3
Calculate the highest common divisor of 819 and 31668.
273
Calculate the highest common factor of 31185 and 25389.
63
What is the greatest common divisor of 153 and 1759449?
51
Calculate the highest common divisor of 1462260 and 15.
15
What is the highest common factor of 917 and 1364365?
131
What is the highest common divisor of 55999 and 551?
29
What is the highest common factor of 19359 and 162?
81
What is the highest common factor of 1520 and 1280?
80
Calculate the highest common factor of 493799 and 21607.
527
What is the greatest common factor of 7236298 and 86?
86
What is the highest common divisor of 18 and 161646?
6
What is the greatest common factor of 9801 and 605?
121
What is the highest common factor of 4930 and 6290?
170
Calculate the greatest common factor of 40128 and 174192.
912
What is the greatest common divisor of 90287 and 1598?
799
Calculate the greatest common divisor of 13039 and 20332.
221
Calculate the highest common factor of 3211349 and 1283.
1283
What is the greatest common divisor of 106 and 507422?
106
What is the highest common divisor of 3072 and 246?
6
Calculate the highest common divisor of 68850 and 5202.
306
Calculate the highest common divisor of 1866914 and 7.
7
What is the highest common factor of 399300 and 375?
75
Calculate the greatest common factor of 873 and 35017.
97
What is the highest common factor of 6 and 3254?
2
Calculate the greatest common divisor of 79089 and 738.
123
Calculate the greatest common factor of 1788 and 10430.
298
What is the greatest common divisor of 44513 and 105?
7
Calculate the greatest common divisor of 30680 and 177.
59
Calculate the greatest common factor of 3230 and 49300.
170
What is the highest common factor of 11795 and 140?
35
Calculate the greatest common divisor of 1866 and 8160018.
1866
Calculate the highest common factor of 124065 and 396.
9
Calculate the highest common divisor of 1834 and 33274.
262
Calculate the greatest common divisor of 637866 and 36.
18
What is the greatest common factor of 259515 and 15405?
1185
Calculate the greatest common divisor of 16728 and 268140.
492
What is the highest common divisor of 41615 and 53095?
1435
What is the greatest common factor of 32 and 1100672?
32
What is the highest common divisor of 267 and 10146?
267
Calculate the highest common divisor of 696 and 283098.
174
Calculate the greatest common divisor of 9259 and 2758.
197
What is the greatest common divisor of 938942 and 76?
38
Calculate the greatest common factor of 219347 and 7111.
547
What is the highest common factor of 403300 and 296?
148
Calculate the highest common divisor of 5270 and 1360.
170
Calculate the highest common divisor of 532 and 1258978.
266
What is the greatest common divisor of 8440 and 851385?
1055
Calculate the greatest common factor of 121380 and 1700.
340
What is the highest common factor of 77 and 84007?
77
Calculate the greatest common divisor of 87 and 81287.
29
What is the highest common divisor of 139726 and 57?
19
Calculate the greatest common factor of 3333 and 200889.
303
What is the highest common divisor of 70559 and 296?
37
Calculate the greatest common divisor of 43260 and 750.
30
What is the greatest common factor of 23338 and 42?
14
Calculate the highest common factor of 139 and 183619.
139
Calculate the highest common factor of 16700 and 400.
100
What is the greatest common divisor of 275196 and 96?
12
What is the highest common divisor of 775845 and 35?
35
What is the greatest common divisor of 910 and 1112930?
910
Calculate the highest common divisor of 280 and 160040.
40
What is the highest common factor of 244 and 160?
4
What is the highest common divisor of 469697 and 83?
83
What is the greatest common divisor of 234 and 12591?
9
Calculate the greatest common divisor of 1280 and 4640.
160
Calculate the highest common factor of 3682 and 5446.
14
Calculate the highest common divisor of 122 and 31903.
61
Calculate the highest common factor of 19 and 348479.
19
What is the highest common divisor of 1876 and 224?
28
What is the highest common factor of 526981 and 364?
91
Calculate the greatest common factor of 236633 and 347822.
2851
What is the highest common factor of 24740 and 1220?
20
Calculate the highest common factor of 304 and 1047850.
38
What is the greatest common factor of 80 and 20620?
20
Calculate the highest common factor of 109484 and 1212.
404
What is the greatest common divisor of 11234 and 2050?
82
What is the highest common divisor of 196 and 158564?
196
Calculate the highest common factor of 13 and 11531.
13
What is the highest common factor of 12336 and 116421?
771
Calculate the greatest common divisor of 1078 and 186802.
154
Calculate the highest common divisor of 39387 and 1.
1
Calculate the greatest common factor of 44 and 7051.
11
What is the greatest common divisor of 43758 and 7920?
198
What is the greatest common factor of 6 and 8781?
3
What is the highest common divisor of 989 and 1078999?
989
What is the highest common factor of 133 and 11256?
7
What is the highest common factor of 92 and 97796?
92
What is the greatest common divisor of 99746 and 318?
106
Calculate the greatest common divisor of 235942 and 112.
14
What is the highest common divisor of 88 and 3295732?
44
What is the greatest common divisor of 180 and 388080?
180
Calculate the greatest common factor of 13175 and 11470.
155
Calculate the highest common divisor of 1404 and 13068.
108
What is the highest common factor of 336 and 11886?
42
Calculate the highest common factor of 108353 and 2254.
161
What is the highest common divisor of 500914 and 3798?
422
What is the greatest common divisor of 30 and 63495?
15
What is the greatest common divisor of 39 and 717847?
13
What is the greatest common factor of 34638 and 3450?
138
What is the highest common divisor of 62 and 84320?
62
What is the greatest common factor of 458412 and 12?
12
What is the greatest common factor of 7805493 and 873?
873
What is the highest common divisor of 3402 and 31479?
21
What is the greatest common factor of 72545 and 55?
55
What is the highest common factor of 208 and 1576?
8
Calculate the highest common factor of 6572 and 12.
4
What is the highest common fa